{"id":32,"date":"2024-12-29T10:37:40","date_gmt":"2024-12-29T09:37:40","guid":{"rendered":"http:\/\/zbonik.home.pl\/autoinstalator\/wordpressplugins1\/?page_id=32"},"modified":"2025-01-05T09:31:32","modified_gmt":"2025-01-05T08:31:32","slug":"wystawy","status":"publish","type":"page","link":"https:\/\/karolstepkowski.pl\/index.php\/wystawy\/","title":{"rendered":"WYSTAWY"},"content":{"rendered":"\n<div class=\"wp-block-columns is-layout-flex wp-container-core-columns-is-layout-28f84493 wp-block-columns-is-layout-flex\">\n<div class=\"wp-block-column is-layout-flow wp-block-column-is-layout-flow\" style=\"flex-basis:100%\">\n<div class=\"wp-block-columns is-layout-flex wp-container-core-columns-is-layout-28f84493 wp-block-columns-is-layout-flex\">\n<div class=\"wp-block-column is-layout-flow wp-block-column-is-layout-flow\"><\/div>\n<\/div>\n\n\n\n<ul class=\"wp-block-list\">\n<li>2007 \u2013 \u201ePortret intymny\u201d \u2013 Green Gallery<\/li>\n\n\n\n<li>2007 \u2013 \u201eKoledzy\u201d \u2013 Biela\u0144ski O\u015brodek Kultury<\/li>\n\n\n\n<li>2008 \u2013 \u201eDotkni\u0119cie\u201d \u2013 Teatr Academia<\/li>\n\n\n\n<li>2009 \u2013 \u201eKoledzy\u201d \u2013 sta\u0142a ekspozycja w&nbsp;Zwi\u0105zku Artyst\u00f3w Scen Polskich<\/li>\n\n\n\n<li>2010 \u2013 \u201eDotkni\u0119cie\u201d \u2013 Galeria Zwi\u0105zku Artyst\u00f3w Scen Polskich&nbsp;<\/li>\n\n\n\n<li>2011 \u2013 \u201eKoledzy\u201d \u2013 Galeria Leniviec<\/li>\n\n\n\n<li>2011 \u2013 \u201eZa kulisami\u201d \u2013 Galeria Sztuki Rampa (wsp\u00f3lnie z\u00a0Januszem Gajosem, Leszkiem M\u0105dzikiem i\u00a0Wies\u0142awem Ochmanem)<\/li>\n\n\n\n<li>2012 \u2013 \u201eDotkni\u0119cie\u201d \u2013 Galeria Marcinek<\/li>\n\n\n\n<li>2013 \u2013 \u201eFotografia wed\u0142ug aktor\u00f3w\u201d \u2013 Galeria Zwi\u0105zku Polskich Artyst\u00f3w Fotografik\u00f3w, Warszawa; Stary Browar, Pozna\u0144<\/li>\n\n\n\n<li>2014 \u2013 \u201eDotkni\u0119cie\u201d \u2013 Galeria Skandal<\/li>\n\n\n\n<li>2014 \u2013 \u201emagdalena la com\u00e9dienne\u201d \u2013 Galeria van Golik<\/li>\n\n\n\n<li>2015 \u2013 \u201eFotografia wed\u0142ug aktor\u00f3w\u201d \u2013 Galeria Fotografii MOK, Ostrowiec \u015awi\u0119tokrzyski; Galeria Atelier, Che\u0142m; Festiwal Teatralny, Nowy S\u0105cz; Galeria Sztuki Wsp\u00f3\u0142czesnej, W\u0142oc\u0142awek; Teatr Muzyczny, \u0141\u00f3d\u017a; Klub Fotograficzny FAKT, Ko\u0142o<\/li>\n\n\n\n<li>2015 \u2013 \u201eKoledzy\u201d \u2013 Teatr Polski, Warszawa<\/li>\n\n\n\n<li>2015 \u2013 \u201eKarol 70\u201d \u2013 wystawa jubileuszowa ZASP<\/li>\n\n\n\n<li>2017 \u2013 \u201eCzu\u0142o\u015b\u0107\u201d \u2013 Prom Kultury, Warszawa<\/li>\n\n\n\n<li>2020 \u2013 \u201eBez wsp\u00f3lnego mianownika\u201d \u2013 Prom Kultury, Warszawa<\/li>\n\n\n\n<li>2021 \u2013 \u201eKoledzy\u201d \u2013 Artystyczna Galeria Izerska, Kromn\u00f3w<\/li>\n\n\n\n<li>2023 \u2013 \u201eAutobiografia fotograficzna\u201d \u2013 Galeria DAP3, Warszawa; Muzeum Cypriana Norwida, D\u0119binki<\/li>\n<\/ul>\n<\/div>\n<\/div>\n","protected":false},"excerpt":{"rendered":"","protected":false},"author":1,"featured_media":0,"parent":0,"menu_order":0,"comment_status":"closed","ping_status":"closed","template":"","meta":{"footnotes":""},"class_list":["post-32","page","type-page","status-publish","hentry"],"_links":{"self":[{"href":"https:\/\/karolstepkowski.pl\/index.php\/wp-json\/wp\/v2\/pages\/32","targetHints":{"allow":["GET"]}}],"collection":[{"href":"https:\/\/karolstepkowski.pl\/index.php\/wp-json\/wp\/v2\/pages"}],"about":[{"href":"https:\/\/karolstepkowski.pl\/index.php\/wp-json\/wp\/v2\/types\/page"}],"author":[{"embeddable":true,"href":"https:\/\/karolstepkowski.pl\/index.php\/wp-json\/wp\/v2\/users\/1"}],"replies":[{"embeddable":true,"href":"https:\/\/karolstepkowski.pl\/index.php\/wp-json\/wp\/v2\/comments?post=32"}],"version-history":[{"count":2,"href":"https:\/\/karolstepkowski.pl\/index.php\/wp-json\/wp\/v2\/pages\/32\/revisions"}],"predecessor-version":[{"id":863,"href":"https:\/\/karolstepkowski.pl\/index.php\/wp-json\/wp\/v2\/pages\/32\/revisions\/863"}],"wp:attachment":[{"href":"https:\/\/karolstepkowski.pl\/index.php\/wp-json\/wp\/v2\/media?parent=32"}],"curies":[{"name":"wp","href":"https:\/\/api.w.org\/{rel}","templated":true}]}}

<div class="wp-block-columns is-layout-flex wp-container-core-columns-is-layout-28f84493 wp-block-columns-is-layout-flex">
<div class="wp-block-column is-layout-flow wp-block-column-is-layout-flow" style="flex-basis:100%">
<div class="wp-block-columns is-layout-flex wp-container-core-columns-is-layout-28f84493 wp-block-columns-is-layout-flex">
<div class="wp-block-column is-layout-flow wp-block-column-is-layout-flow"></div>
</div>



<ul class="wp-block-list">
<li>2007 – „Portret intymny” – Green Gallery</li>



<li>2007 – „Koledzy” – Bielański Ośrodek Kultury</li>



<li>2008 – „Dotknięcie” – Teatr Academia</li>



<li>2009 – „Koledzy” – stała ekspozycja w&nbsp;Związku Artystów Scen Polskich</li>



<li>2010 – „Dotknięcie” – Galeria Związku Artystów Scen Polskich&nbsp;</li>



<li>2011 – „Koledzy” – Galeria Leniviec</li>



<li>2011 – „Za kulisami” – Galeria Sztuki Rampa (wspólnie z Januszem Gajosem, Leszkiem Mądzikiem i Wiesławem Ochmanem)</li>



<li>2012 – „Dotknięcie” – Galeria Marcinek</li>



<li>2013 – „Fotografia według aktorów” – Galeria Związku Polskich Artystów Fotografików, Warszawa; Stary Browar, Poznań</li>



<li>2014 – „Dotknięcie” – Galeria Skandal</li>



<li>2014 – „magdalena la comédienne” – Galeria van Golik</li>



<li>2015 – „Fotografia według aktorów” – Galeria Fotografii MOK, Ostrowiec Świętokrzyski; Galeria Atelier, Chełm; Festiwal Teatralny, Nowy Sącz; Galeria Sztuki Współczesnej, Włocławek; Teatr Muzyczny, Łódź; Klub Fotograficzny FAKT, Koło</li>



<li>2015 – „Koledzy” – Teatr Polski, Warszawa</li>



<li>2015 – „Karol 70” – wystawa jubileuszowa ZASP</li>



<li>2017 – „Czułość” – Prom Kultury, Warszawa</li>



<li>2020 – „Bez wspólnego mianownika” – Prom Kultury, Warszawa</li>



<li>2021 – „Koledzy” – Artystyczna Galeria Izerska, Kromnów</li>



<li>2023 – „Autobiografia fotograficzna” – Galeria DAP3, Warszawa; Muzeum Cypriana Norwida, Dębinki</li>
</ul>
</div>
</div>
